7.
5
What is the value of 21 + -23 - (12 + -24) - (1 + -20)?
29
What is -5 + 1 + -1 + -8 + 4?
-9
-26 - (6 - 13 - 0) - (-8 - 1)
-10
24 + -9 - (-6 + (-4 - -5))
20
What is -37 + 31 - -20 - (-3 + 0 - -5)?
12
Calculate (13 + -8 - -8) + -7 - -2.
8
What is the value of -5 - -3 - 14 - -10?
-6
22 - -1 - (-21 - (-47 + 26))
23
Evaluate -45 + (-9 - -9 - -13).
-32
Evaluate -1 - (11 - 14) - 6.
-4
What is -8 - 0 - (-18 - -15) - (-9 - 1)?
5
18 - (-3 - -18 - 0 - 7)
10
Calculate -8 + -1 + 2 + (-22 - -22) + -3.
-10
What is -11 - -1 - (-43 - -38) - (-47 + 32)?
10
What is 23 - (5 + -1 - -7) - 11?
1
-4 + (5 - 10) + 32 + (-12 - -6)
17
Evaluate -7 - (3 - 12) - (-1 + 4).
-1
Evaluate -3 + 1 + (-222 - -224).
0
What is 1 + 14 + -14 - -2 - (32 - -5)?
-34
What is the value of 3 - 17 - -2 - (464 + -486)?
10
Evaluate (-1 + -19 - 2) + 14 + -5 + 5.
-8
Calculate -14 + 3 + 12 + -12 - (-10 + 0).
-1
Calculate (-37 + 3 - 5) + -68 + 80.
-27
Calculate (-5 - -1 - (111 - 100)) + -9 + 12.
-12
Evaluate (-1 - 7) + (6 - 19 - (-4 - -6)).
-23
Evaluate 25 + -60 + 26 + 29.
20
Evaluate 3 + 8 + (-9 - -3) + -1.
4
-3 + (5 + 6 + -19 - (-14 - 2))
5
Calculate 1 - (0 - -5) - ((-23 - -13) + 7).
-1
Calculate -40 - (-39 + 32 + -63).
30
What is the value of 21 + 2 + -9 + (26 - 21)?
19
Calculate (1 - 0 - (11 + -4)) + -64 + 65.
-5
48 + -43 - (-5 - (4 - 8))
6
Calculate -172 + 172 - (8 + -46).
38
Evaluate -1018 + 1017 - (1 + (-1 - -1) + -4).
2
Evaluate (1 - (6 - 3 - 7)) + 147 + -140.
12
What is 7 + -15 + (49 - 42) - (-3 + 0)?
2
(1 - (10 - -1)) + -10 + 97 + -52
25
What is 0 + -6 - (5 + -6 - 14 - -6)?
3
What is the value of (15 - -30) + -32 - 32?
-19
Calculate (-5 - (-5 + (-9 - -6))) + (-2 - 6).
-5
What is the value of (33 - -4) + (4 - 12 - -5) + 0?
34
Calculate 4 + 2 + 14 + -14.
6
Calculate 3 - (58 - (-3 - -29)).
-29
What is the value of 0 - -7 - (-63 - -37 - (-2 - 8))?
23
Evaluate -8 - (-13 + (2 - 14)) - (-9 + 1).
25
What is the value of 19 + 0 - (-41 + 51)?
9
Calculate (25 - 4) + -15 + 6.
12
-67 + 38 - ((2 + -5 - 0) + 1)
-27
What is the value of 1 - 5 - ((39 - 49) + 24)?
-18
-4 + -3 - (14 - (-17 - -32))
-6
What is the value of 0 + (-14 - 1) + (116 - 94)?
7
Calculate -14 + (-4 - 0) + 1 + (-7 - -8).
-16
What is 5 + -5 + (9 - 6) - -10?
13
What is -13 - -3 - (-3 - -7)?
-14
7 - (4 - -3) - 23 - 0 - -7
-16
Evaluate (5 - 18) + 5 - (-3 - (-6 - -3)).
-8
What is (-1 - -5) + -2 + -65 + 52?
-11
-11 + 28 + -7 - (0 - (-2 - 1))
7
Evaluate -1 - 7 - (-61 + 54 + -22).
21
Evaluate 2 + (3 - (-82 + 71 + (45 - -1))).
-30
3 - 3 - -31 - (0 - (14 - 24))
21
Calculate 0 + (-4 - 0) + (-39 - -32).
-11
What is the value of 20 + (-7 - (1 + 14))?
-2
What is the value of 15 - (32 - (25 + 0))?
8
What is 17 - (37 + -2) - -16?
-2
Calculate 6 - (-14 + -22 + 32).
10
What is the value of (27 - -6 - 38) + 4 + -3?
-4
What is 0 + -2 + -2 + (-13 - 8) + 52?
27
What is -2 - (2 + 3) - (117 + -111)?
-13
Calculate -2 + 22 + (-31 - -23).
12
What is the value of 13 + -8 + -7 - (5 + (-2 - 0))?
-5
Evaluate -8 + 16 + 1 + -125 + 90.
-26
-19 - (-7 + (-8 + 5 - -3))
-12
Evaluate 0 + 0 + (19 - 27) + 36.
28
What is -45 + (-12 - -24 - 2)?
-35
What is the value of -3 + 0 + -9 + -1 - -5 - 6?
-14
What is (4 - 0) + (-1 - -17) + -1?
19
(36 - 0) + -18 - 7
11
2 - ((1 - 4) + -14 - -32)
-13
(0 - -1) + -2 + -13 + 121 + -98
9
2 - ((-7 - (-3 - 1)) + 0)
5
What is -1 + (-1 - -2) + (29 - 100 - -96)?
25
What is the value of -7 + 5 + -5 + (-3 - -13) + -6?
-3
What is the value of (-1 - -8) + -2 - (1 + -2)?
6
Calculate 39 + -66 + 33 + 1 + 3.
10
What is 11 - 0 - (-9 + (27 - 7))?
0
Calculate -2 - -2 - ((-16 - (-3 + -1)) + 14).
-2
8 - 4 - 28 - (1 + 1 - 2)
-24
What is -10 + (-34 - -25 - 2)?
-21
Calculate 14 + 0 + 4 - 31 - (-2 - -1).
-12
Calculate 7 - (-14 + 17 + -15 + 2).
17
Evaluate 3 + -1 + 0 + (4 - -3).
9
What is the value of 0 + 27 + -14 - -4?
17
Calculate -3 - 7 - (7 + (-1 - 21)) - 16.
-11
What is the value of (20 - (-3 - -2)) + -15 - (-26 + -2)?
34
What is -3 + (0 - 0) + (-16 - (-15 + -15))?
11
What is the value of 0 - ((-12 - -10) + 19)?
-17
(-1 - (0 - -5)) + -61 + 78
11
Evaluate (1 - -26) + (-25 - (-15 - 25)) + -20.
22
What is the value of -13 + -7 + 12 + -1?
-9
What is the value of (-9 - 7) + 49 + -42?
-9
What is the value of -2 + (-2 + 1 - -8) + 1?
6
What is the value of (3 - -3 - 24) + (-1 - -56)?
37
-1 + (-22 - -58) + -13
22
24 - (38 - -9) - (-17 + 0)
-6
What is (30 - (-3 + 10)) + -5 + -7?
11
37 - 2 - (14 - (11 + (-3 - -13)))
42
0 - 10 - (11 + -3 + (6 - 10))
-14
Calculate 16 - (17 - (-25 - -40)).
14
Evaluate 1 + 3 - 3 - (20 - (10 - 5)).
-14
(-8 + 16 + -6 - (19 + -26)) + 7
16
-9 - (-15 + 15) - -14
5
Evaluate 5 - (-2 - -6 - (8 + 20 + -7)).
22
(11 - -36) + 1 + (-11 - 5)
32
21 - (-14 + 43) - (-1 - 1 - 23)
17
Calculate 0 - 1 - (-4 + -4 + (-7 - -20)).
-6
(-8 - -19) + (4 - (-5 + 3 + 7))
10
Calculate 11 + -4 + 50 + -76.
-19
What is 15 + (-10 + -8 - -3) + 14?
14
Calculate 17 + 0 + (-28 + 39 - (11 + -2)).
19
-1 - -3 - (-20 + 7 + 17 + 1)
-3
2 + 0 - (-7 - (-25 - -10)) - -13
7
What is the value of (52 - 31) + -30 - (-3 + 10 + 0)?
-16
(9 - 1 - (-2 + 5)) + (-619 - -646)
32
Evaluate (21 + -3 - -1) + -5 + (8 - -1).
23
What is (2 - -10) + (-5 - -6) + 9?
22
What is the value of (-18 - (0 + (-1 - (-12 - -21)))) + -8?
-16
What is (44 - -5) + -9 + -6 - 13?
21
-385 + 390 + (1 - (-1 + -20))
27
Evaluate 12 + 0 + -3 - (6 - 0).
3
-1 + -2 - 5 - (15 + 23 + -40)
-6
-244 + 241 - (4 + (-1 - 2) + -1)
-3
12 - 52 - -20 - -28
8
5 - 17 - (-2 + -12) - (22 - -1)
-21
Calculate 4 + (21 - 24) - 20.
-19
What is (21 - 6) + -3 - 26?
-14
Evaluate -2 + 18 + 143 + -171.
-12
-4 + 1 + -5 + 2 + (-12 - -6)
-12
Calculate 82 + -79 + 1 + 3.
7
What is the value of (-1 - -11) + (49 - 56) + -4 - -3?
2
Evaluate -2 + (4 - -4) - (1 - -45 - 5).
-35
Evaluate (2 - (-2 - -7)) + (-11 - (6 + 3)).
-23
Calculate -6 + (-8 - (19 - 24) - (-20 - 1)).
12
2 + -1 + (-2 + 5 - 11)
-7
Calculate -9 - ((4 - (-2 + -5)) + -21 + -3).
4
What is the value of (36 - (-68 + 80)) + (1 + 0 - 6)?
19
Calculate -225 - -219 - (2 + -22).
14
What is the value of (12 - (15 + -8)) + -5 - (2 + 8)?
-10
Calculate (-6 - (-2 + -3 + -1)) + (23 - 15).
8
Calculate (5 - (-9 - -6 - -4)) + 2 - -4.
10
Calculate -6 - (5 + 8 + -32).
13
Evaluate -31 + 25 + (-5 - 0).
-11
What is -8 - (3 + -2) - 3 - 5?
-17
4420 + -4453 - (-13 + -2 + 1)
-19
Evaluate (-774 - -748) + 29 + -1.
2
Evaluate (1966 - 1945) + -1 + 2 + -1.
21
What is (42 - 34) + 2 + -4 + 0?
6
Calculate -8 + 0 + (3 - -10 - 1) + -27.
-23
-1 - (12 + (12 - 1 - -5))
-29
Evaluate (6 - (-3 + -5)) + -4 + -9.
1
Calculate 1 + 4 - (0 - (9 + -19 - -15)).
10
Evaluate -1 + (15 - 16 - -8).
6
Evaluate -20 + 27 - (-4 + 4 - -15).
-8
What is -23 + -2 + -8 + 0 + 11 + 3?
-19
What is the value of (0 - (-2 - 7)) + (-1 - (1 - 3))?
10
What is 25 - (18 + (-12 - (-10 + (9 - 1))))?
17
Evaluate 10 + (126 - 125 - (-1 - -1)).
11
14 + 15 + -12 + 10 + -3 + -5
19
Calculate (-2 + 3 + -8 - (-11 + 8)) + 6.
2
48 + (-57 - -17) - (28 + -1)
-19
2 - 3 - (500 - 490)
-11
What is the value of (8 + 7 - 8) + (4 + -25 - 7)?
-21
What is the value of 16 + -5 + -48 - -40?
3
Evaluate (-10 + (3 - (-2 + 2)) - -1) + 20.
14
What is (-5 + 3 + 11 - (-15 + 16)) + -4?
4
Evaluate 9 - (-1 - 0 - (15 - 29 - 18)).
-22
Calculate -2 + 49 + -550 + 531.
28
14 + (16 + -18 - 10)
2
Evaluate -4 + -4 + 12 - (9 - (-13 - 6)).
-24
What is the value of -19 + (40 - 11) + 9?
19
Evaluate -2 - 10 - (14 + 6 + -32).
0
-8 + (-1 - 4 - 0) + -6 + 13
-6
Evaluate 15 - 30 - (0 - (-2 + 5)).
-12
Calculate -3 - (0 - 0) - (3 + -1).
-5
Calculate 5 + -6 + (-3 - -5) + 13.
14
What is the value of (11 + -15 - -7) + -10?
-7
-2 - -20 - (226 + -211)
3
-2 + 15 - (153 - 137) - (1 - 34)
30
(-1 + -5 - (-28 + (4 - 2))) + 3
23
(12 - (21 - 4)) + (21 - -1) + -1
16
Evaluate (35 + -20 - (0 - -11)) + 9.
13
Calculate -10 + (-11 - -20) - (-22 + 4 + -1).
18
What is 157 - 148 - (0 - 1)?
10
What is 16 - 1 - 8 - 7?
0
(-5 - (-3 - -3)) + (157 - 145)
7
Evaluate 17 - ((-2 - -1) + 14).
4
What is the value of -7 + (0 - -18) + 26 + (3 - 25)?
15
Calculate 5 - ((-11 - -5) + 13 - -7).
-9
-1 - (-15 - -37) - -2
-21
What is the value of 60 - 80 - (-11 + -6 + 5)?
-8
What is (-7 - -25) + (9 - 32)?
-5
Calculate (-4 + -29 - -36) + 22.
25
-17 + 7 + 6 - -19
15
What is the value of -10 - (6 + -17 + 9 + -40 + 7)?
25
What is 5 + 32 + -12 + -15?
10
What is the value of -1